{"id":1243,"date":"2019-04-26T10:30:12","date_gmt":"2019-04-26T13:30:12","guid":{"rendered":"https:\/\/ces-cha.infd.edu.ar\/sitio\/?page_id=1243"},"modified":"2019-04-26T10:34:42","modified_gmt":"2019-04-26T13:34:42","slug":"ies-humberto-fortin","status":"publish","type":"page","link":"https:\/\/ces-cha.infd.edu.ar\/sitio\/ies-humberto-fortin\/","title":{"rendered":"IES \u00abHUMBERTO FORT\u00cdN\u00bb"},"content":{"rendered":"<p><strong>CUE:<\/strong> 220222500<\/p>\n<p><strong>Rector:<\/strong> OJEDA, Humberto<\/p>\n<p><strong>Direcci\u00f3n:<\/strong> 25 de mayo y french<\/p>\n<p><strong>Localidad:<\/strong> Makall\u00e9<\/p>\n<p><strong>Tel\u00e9fono:<\/strong> 362-4101972<\/p>\n<p><strong>E-mail:<\/strong> humbertodfortinterciario@gmail.com<\/p>\n<p><iframe loading=\"lazy\" style=\"border: 0;\" src=\"https:\/\/www.google.com\/maps\/embed?pb=!1m18!1m12!1m3!1d3548.459419437442!2d-59.28932468543993!3d-27.204722211997325!2m3!1f0!2f0!3f0!3m2!1i1024!2i768!4f13.1!3m3!1m2!1s0x944452a06571bac9%3A0x10609b12ba24e1b!2sI.E.S.+%22Prof.Humberto+D.+Fort%C3%ADn%22!5e0!3m2!1ses!2sar!4v1556285656484!5m2!1ses!2sar\" width=\"600\" height=\"450\" frameborder=\"0\" allowfullscreen=\"allowfullscreen\"><\/iframe><\/p>\n","protected":false},"excerpt":{"rendered":"<p>CUE: 220222500 Rector: OJEDA, Humberto Direcci\u00f3n: 25 de mayo y french Localidad: Makall\u00e9 Tel\u00e9fono: 362-4101972 E-mail: humbertodfortinterciario@gmail.com<\/p>\n","protected":false},"author":31487,"featured_media":0,"parent":0,"menu_order":0,"comment_status":"closed","ping_status":"closed","template":"","meta":[],"acf":[],"_links":{"self":[{"href":"https:\/\/ces-cha.infd.edu.ar\/sitio\/wp-json\/wp\/v2\/pages\/1243"}],"collection":[{"href":"https:\/\/ces-cha.infd.edu.ar\/sitio\/wp-json\/wp\/v2\/pages"}],"about":[{"href":"https:\/\/ces-cha.infd.edu.ar\/sitio\/wp-json\/wp\/v2\/types\/page"}],"author":[{"embeddable":true,"href":"https:\/\/ces-cha.infd.edu.ar\/sitio\/wp-json\/wp\/v2\/users\/31487"}],"replies":[{"embeddable":true,"href":"https:\/\/ces-cha.infd.edu.ar\/sitio\/wp-json\/wp\/v2\/comments?post=1243"}],"version-history":[{"count":4,"href":"https:\/\/ces-cha.infd.edu.ar\/sitio\/wp-json\/wp\/v2\/pages\/1243\/revisions"}],"predecessor-version":[{"id":1247,"href":"https:\/\/ces-cha.infd.edu.ar\/sitio\/wp-json\/wp\/v2\/pages\/1243\/revisions\/1247"}],"wp:attachment":[{"href":"https:\/\/ces-cha.infd.edu.ar\/sitio\/wp-json\/wp\/v2\/media?parent=1243"}],"curies":[{"name":"wp","href":"https:\/\/api.w.org\/{rel}","templated":true}]}}