{"id":970,"date":"2018-08-30T11:14:35","date_gmt":"2018-08-30T14:14:35","guid":{"rendered":"https:\/\/ces-cha.infd.edu.ar\/sitio\/ubicacion\/"},"modified":"2019-05-02T10:34:56","modified_gmt":"2019-05-02T13:34:56","slug":"ubicacion","status":"publish","type":"page","link":"https:\/\/ces-cha.infd.edu.ar\/sitio\/ubicacion\/","title":{"rendered":"Ubicaci\u00f3n"},"content":{"rendered":"<p>La Direcci\u00f3n de Educaci\u00f3n Superior funciona en el edificio del Ministerio de Educaci\u00f3n de la Provincia, sito en Gobernador Bosch 99 (Nave 8) de la ciudad de\u00a0 Resistencia.<\/p>\n<p>El horario de atenci\u00f3n es de 7,30\u00a0 a 18 hs.<\/p>\n<p style=\"text-align: center;\"><strong>UBICACI\u00d3N EN EL MAPA DE RESISTENCIA<\/strong><\/p>\n<p style=\"text-align: center;\"><iframe loading=\"lazy\" style=\"border: 0;\" src=\"https:\/\/www.google.com\/maps\/embed?pb=!1m18!1m12!1m3!1d3540.017503856289!2d-58.97052798543209!3d-27.468714423236335!2m3!1f0!2f0!3f0!3m2!1i1024!2i768!4f13.1!3m3!1m2!1s0x94450cdf2d508d37%3A0x1508dc4e2840fa81!2sBosch+99%2C+Resistencia%2C+Chaco!5e0!3m2!1ses-419!2sar!4v1555944666074!5m2!1ses-419!2sar\" width=\"600\" height=\"450\" frameborder=\"0\" allowfullscreen=\"allowfullscreen\"><\/iframe><\/p>\n<p style=\"text-align: center;\"><strong>UBICACI\u00d3N DE LA OFICINA<\/strong><br \/>\n<strong>EN MINISTERIO DE EDUCACI\u00d3N, CULTURA, CIENCIA Y TECNOLOG\u00cdA<\/strong><\/p>\n<p><img decoding=\"async\" loading=\"lazy\" class=\"alignnone size-thumbnail wp-image-1278 aligncenter\" src=\"https:\/\/ces-cha.infd.edu.ar\/sitio\/wp-content\/uploads\/2019\/05\/mapameccyt-500x500.png\" alt=\"\" width=\"500\" height=\"500\" \/><\/p>\n<p>&nbsp;<\/p>\n","protected":false},"excerpt":{"rendered":"<p>La Direcci\u00f3n de Educaci\u00f3n Superior funciona en el edificio del Ministerio de Educaci\u00f3n de la Provincia, sito en Gobernador Bosch 99 (Nave 8) de la ciudad de\u00a0 Resistencia. El horario de atenci\u00f3n es de 7,30\u00a0 a 18 hs. UBICACI\u00d3N EN EL MAPA DE RESISTENCIA UBICACI\u00d3N DE LA OFICINA EN MINISTERIO DE EDUCACI\u00d3N, CULTURA, CIENCIA Y &#8230; <a title=\"Ubicaci\u00f3n\" class=\"read-more\" href=\"https:\/\/ces-cha.infd.edu.ar\/sitio\/ubicacion\/\" aria-label=\"More on Ubicaci\u00f3n\">[+]<\/a><\/p>\n","protected":false},"author":1,"featured_media":0,"parent":0,"menu_order":0,"comment_status":"closed","ping_status":"closed","template":"","meta":[],"acf":[],"_links":{"self":[{"href":"https:\/\/ces-cha.infd.edu.ar\/sitio\/wp-json\/wp\/v2\/pages\/970"}],"collection":[{"href":"https:\/\/ces-cha.infd.edu.ar\/sitio\/wp-json\/wp\/v2\/pages"}],"about":[{"href":"https:\/\/ces-cha.infd.edu.ar\/sitio\/wp-json\/wp\/v2\/types\/page"}],"author":[{"embeddable":true,"href":"https:\/\/ces-cha.infd.edu.ar\/sitio\/wp-json\/wp\/v2\/users\/1"}],"replies":[{"embeddable":true,"href":"https:\/\/ces-cha.infd.edu.ar\/sitio\/wp-json\/wp\/v2\/comments?post=970"}],"version-history":[{"count":7,"href":"https:\/\/ces-cha.infd.edu.ar\/sitio\/wp-json\/wp\/v2\/pages\/970\/revisions"}],"predecessor-version":[{"id":1283,"href":"https:\/\/ces-cha.infd.edu.ar\/sitio\/wp-json\/wp\/v2\/pages\/970\/revisions\/1283"}],"wp:attachment":[{"href":"https:\/\/ces-cha.infd.edu.ar\/sitio\/wp-json\/wp\/v2\/media?parent=970"}],"curies":[{"name":"wp","href":"https:\/\/api.w.org\/{rel}","templated":true}]}}